{"id":75,"date":"2019-10-23T15:01:57","date_gmt":"2019-10-23T13:01:57","guid":{"rendered":"http:\/\/participa.iesrayuela.com\/diezpasos\/?page_id=75"},"modified":"2019-10-23T15:01:57","modified_gmt":"2019-10-23T13:01:57","slug":"info","status":"publish","type":"page","link":"http:\/\/participa.iesrayuela.com\/diezpasos\/info\/","title":{"rendered":"Info"},"content":{"rendered":"\n<p>Este es el blog del peri\u00f3dico IES Rayuela. Aqu\u00ed encontrar\u00e1s reportajes, creaci\u00f3n literaria, fotos, v\u00eddeos&#8230; Si quieres colaborar, b\u00fascanos en el aula de inform\u00e1tica los mi\u00e9rcoles a s\u00e9ptima hora. <\/p>\n","protected":false},"excerpt":{"rendered":"<p>Este es el blog del peri\u00f3dico IES Rayuela. Aqu\u00ed encontrar\u00e1s reportajes, creaci\u00f3n literaria, fotos, v\u00eddeos&#8230;&#8230;<\/p>\n","protected":false},"author":9,"featured_media":0,"parent":0,"menu_order":0,"comment_status":"closed","ping_status":"closed","template":"","meta":{"footnotes":""},"class_list":["post-75","page","type-page","status-publish","hentry"],"_links":{"self":[{"href":"http:\/\/participa.iesrayuela.com\/diezpasos\/wp-json\/wp\/v2\/pages\/75","targetHints":{"allow":["GET"]}}],"collection":[{"href":"http:\/\/participa.iesrayuela.com\/diezpasos\/wp-json\/wp\/v2\/pages"}],"about":[{"href":"http:\/\/participa.iesrayuela.com\/diezpasos\/wp-json\/wp\/v2\/types\/page"}],"author":[{"embeddable":true,"href":"http:\/\/participa.iesrayuela.com\/diezpasos\/wp-json\/wp\/v2\/users\/9"}],"replies":[{"embeddable":true,"href":"http:\/\/participa.iesrayuela.com\/diezpasos\/wp-json\/wp\/v2\/comments?post=75"}],"version-history":[{"count":1,"href":"http:\/\/participa.iesrayuela.com\/diezpasos\/wp-json\/wp\/v2\/pages\/75\/revisions"}],"predecessor-version":[{"id":76,"href":"http:\/\/participa.iesrayuela.com\/diezpasos\/wp-json\/wp\/v2\/pages\/75\/revisions\/76"}],"wp:attachment":[{"href":"http:\/\/participa.iesrayuela.com\/diezpasos\/wp-json\/wp\/v2\/media?parent=75"}],"curies":[{"name":"wp","href":"https:\/\/api.w.org\/{rel}","templated":true}]}}